44.
2, 661
List the prime factors of 328.
2, 41
List the prime factors of 87721.
87721
List the prime factors of 52009.
52009
What are the prime factors of 61529?
13, 4733
List the prime factors of 2189.
11, 199
What are the prime factors of 122145?
3, 5, 17, 479
What are the prime factors of 931?
7, 19
What are the prime factors of 458?
2, 229
What are the prime factors of 11602?
2, 5801
What are the prime factors of 588?
2, 3, 7
List the prime factors of 3257.
3257
What are the prime factors of 9220?
2, 5, 461
List the prime factors of 2419.
41, 59
List the prime factors of 2243.
2243
What are the prime factors of 21134?
2, 10567
List the prime factors of 832.
2, 13
List the prime factors of 417.
3, 139
What are the prime factors of 199?
199
What are the prime factors of 51117?
3, 11, 1549
List the prime factors of 239.
239
List the prime factors of 2129.
2129
What are the prime factors of 465?
3, 5, 31
List the prime factors of 596.
2, 149
List the prime factors of 8153.
31, 263
What are the prime factors of 379?
379
List the prime factors of 1229.
1229
List the prime factors of 25553.
11, 23, 101
What are the prime factors of 2773?
47, 59
List the prime factors of 4401.
3, 163
What are the prime factors of 188?
2, 47
List the prime factors of 13667.
79, 173
List the prime factors of 1491.
3, 7, 71
List the prime factors of 677.
677
List the prime factors of 335.
5, 67
List the prime factors of 892.
2, 223
List the prime factors of 3708.
2, 3, 103
What are the prime factors of 323?
17, 19
List the prime factors of 11956.
2, 7, 61
What are the prime factors of 112509?
3, 463
List the prime factors of 2619.
3, 97
What are the prime factors of 7553?
7, 13, 83
What are the prime factors of 23578?
2, 11789
List the prime factors of 3343.
3343
What are the prime factors of 162966?
2, 3, 157, 173
What are the prime factors of 5164?
2, 1291
What are the prime factors of 1024?
2
What are the prime factors of 317?
317
List the prime factors of 3114.
2, 3, 173
List the prime factors of 2959.
11, 269
List the prime factors of 1251.
3, 139
List the prime factors of 3342.
2, 3, 557
List the prime factors of 113.
113
What are the prime factors of 2680?
2, 5, 67
List the prime factors of 602.
2, 7, 43
What are the prime factors of 6341?
17, 373
List the prime factors of 427.
7, 61
List the prime factors of 32431.
7, 41, 113
List the prime factors of 14727.
3, 4909
What are the prime factors of 2412?
2, 3, 67
List the prime factors of 4279.
11, 389
List the prime factors of 23980.
2, 5, 11, 109
List the prime factors of 86849.
7, 19, 653
List the prime factors of 125.
5
List the prime factors of 51915.
3, 5, 3461
List the prime factors of 3170.
2, 5, 317
What are the prime factors of 23065?
5, 7, 659
List the prime factors of 2528.
2, 79
List the prime factors of 110762.
2, 55381
What are the prime factors of 169852?
2, 42463
List the prime factors of 50462.
2, 23, 1097
What are the prime factors of 2485?
5, 7, 71
List the prime factors of 394.
2, 197
List the prime factors of 14536.
2, 23, 79
List the prime factors of 8502.
2, 3, 13, 109
What are the prime factors of 8688?
2, 3, 181
What are the prime factors of 45341?
45341
What are the prime factors of 13527?
3, 167
What are the prime factors of 6823?
6823
List the prime factors of 28950.
2, 3, 5, 193
List the prime factors of 2331.
3, 7, 37
List the prime factors of 18887.
11, 17, 101
List the prime factors of 164522.
2, 82261
List the prime factors of 1335.
3, 5, 89
List the prime factors of 8506.
2, 4253
What are the prime factors of 1906?
2, 953
What are the prime factors of 10913?
7, 1559
What are the prime factors of 1576?
2, 197
What are the prime factors of 17939?
17939
List the prime factors of 15738.
2, 3, 43, 61
What are the prime factors of 23263?
43, 541
List the prime factors of 15617.
7, 23, 97
What are the prime factors of 2170?
2, 5, 7, 31
What are the prime factors of 3400?
2, 5, 17
What are the prime factors of 39745?
5, 7949
List the prime factors of 2853.
3, 317
What are the prime factors of 43945?
5, 11, 17, 47
List the prime factors of 21521.
21521
What are the prime factors of 56425?
5, 37, 61
What are the prime factors of 969?
3, 17, 19
List the prime factors of 10632.
2, 3, 443
What are the prime factors of 5738?
2, 19, 151
What are the prime factors of 31605?
3, 5, 7, 43
What are the prime factors of 25922?
2, 13, 997
List the prime factors of 1136.
2, 71
What are the prime factors of 3896?
2, 487
What are the prime factors of 4402?
2, 31, 71
List the prime factors of 4605.
3, 5, 307
What are the prime factors of 53442?
2, 3, 2969
What are the prime factors of 3774?
2, 3, 17, 37
List the prime factors of 50537.
97, 521
What are the prime factors of 70990?
2, 5, 31, 229
What are the prime factors of 130979?
227, 577
List the prime factors of 6406.
2, 3203
List the prime factors of 5569.
5569
List the prime factors of 98807.
98807
List the prime factors of 72.
2, 3
What are the prime factors of 2012?
2, 503
List the prime factors of 2139.
3, 23, 31
What are the prime factors of 77554?
2, 17, 2281
List the prime factors of 72604.
2, 7, 2593
What are the prime factors of 338?
2, 13
List the prime factors of 3945.
3, 5, 263
What are the prime factors of 4088?
2, 7, 73
List the prime factors of 1287.
3, 11, 13
List the prime factors of 8636.
2, 17, 127
List the prime factors of 152197.
152197
What are the prime factors of 131344?
2, 8209
List the prime factors of 5519.
5519
What are the prime factors of 3582?
2, 3, 199
List the prime factors of 84854.
2, 7, 11, 19, 29
List the prime factors of 8053.
8053
What are the prime factors of 1066?
2, 13, 41
List the prime factors of 2548.
2, 7, 13
List the prime factors of 11376.
2, 3, 79
What are the prime factors of 447?
3, 149
List the prime factors of 5163.
3, 1721
List the prime factors of 22035.
3, 5, 13, 113
List the prime factors of 64060.
2, 5, 3203
List the prime factors of 1056.
2, 3, 11
List the prime factors of 4464.
2, 3, 31
List the prime factors of 273.
3, 7, 13
List the prime factors of 10144.
2, 317
What are the prime factors of 20655?
3, 5, 17
What are the prime factors of 1824?
2, 3, 19
List the prime factors of 2712.
2, 3, 113
List the prime factors of 674.
2, 337
List the prime factors of 943.
23, 41
What are the prime factors of 145197?
3, 13, 17, 73
List the prime factors of 8683.
19, 457
What are the prime factors of 1109?
1109
List the prime factors of 220.
2, 5, 11
What are the prime factors of 3780?
2, 3, 5, 7
What are the prime factors of 8263?
8263
What are the prime factors of 29030?
2, 5, 2903
What are the prime factors of 709?
709
What are the prime factors of 24601?
73, 337
What are the prime factors of 33605?
5, 11, 13, 47
List the prime factors of 757.
757
List the prime factors of 80090.
2, 5, 8009
List the prime factors of 786.
2, 3, 131
What are the prime factors of 3552?
2, 3, 37
List the prime factors of 60306.
2, 3, 19, 23
What are the prime factors of 72003?
3, 24001
List the prime factors of 9457.
7, 193
List the prime factors of 4454.
2, 17, 131
What are the prime factors of 2594?
2, 1297
What are the prime factors of 8857?
17, 521
List the prime factors of 77013.
3, 43, 199
List the prime factors of 6726.
2, 3, 19, 59
What are the prime factors of 1700?
2, 5, 17
List the prime factors of 35.
5, 7
What are the prime factors of 12062?
2, 37, 163
List the prime factors of 280.
2, 5, 7
What are the prime factors of 4667?
13, 359
List the prime factors of 2171.
13, 167
What are the prime factors of 39513?
3, 13171
List the prime factors of 5339.
19, 281
List the prime factors of 4602.
2, 3, 13, 59
What are the prime factors of 90981?
3, 11, 919
What are the prime factors of 36652?
2, 7, 11, 17
List the prime factors of 4209.
3, 23, 61
What are the prime factors of 23203?
23203
List the prime factors of 97468.
2, 7, 59
What are the prime factors of 812?
2, 7, 29
List the prime factors of 1502.
2, 751
List the prime factors of 3252.
2, 3, 271
List the prime factors of 1009.
1009
What are the prime factors of 1150?
2, 5, 23
What are the prime factors of 673?
673
What are the prime factors of 10842?
2, 3, 13, 139
What are the prime factors of 10182?
2, 3, 1697
List the prime factors of 3478.
2, 37, 4